{"id":1106,"date":"2022-05-16T10:43:09","date_gmt":"2022-05-16T08:43:09","guid":{"rendered":"https:\/\/www.mdsprojekt.cz\/?page_id=1106"},"modified":"2022-05-16T10:43:10","modified_gmt":"2022-05-16T08:43:10","slug":"staticke-navrhy-a-vypocty","status":"publish","type":"page","link":"https:\/\/www.mdsprojekt.cz\/index.php\/staticke-navrhy-a-vypocty\/","title":{"rendered":"STATICK\u00c9 N\u00c1VRHY A V\u00ddPO\u010cTY"},"content":{"rendered":"\n<h5 class=\"wp-block-heading\" id=\"staticke-navrhy-a-vypocty\"><strong>vypracov\u00e1v\u00e1me:<\/strong><\/h5>\n\n\n\n<p>\u2013  statick\u00e9 n\u00e1vrhy a posudky stavebn\u00edch konstrukc\u00ed dle normativn\u00edch p\u0159edpis\u016f \u010cSN a EN  <br>\u2013 statick\u00e9 v\u00fdpo\u010dty a n\u00e1vrhy nov\u00fdch konstrukc\u00ed betonov\u00fdch, ocelov\u00fdch,  d\u0159ev\u011bn\u00fdch z&nbsp;hlediska materi\u00e1lov\u00e9 podstaty<br>\u2013 statick\u00e9,  stabilitn\u00ed a dynamick\u00e9 posudky st\u00e1vaj\u00edc\u00edch mostn\u00edch a in\u017een\u00fdrsk\u00fdch  konstrukc\u00ed, ale i konstrukc\u00ed  pozemn\u00edch staveb <br>\u2013 n\u00e1vrhy a posudky zalo\u017een\u00ed konstrukc\u00ed obecn\u011b a to jak plo\u0161n\u00e9ho tak  hlubinn\u00e9ho typu  <br>\u2013 statick\u00e9 v\u00fdpo\u010dty zat\u00ed\u017eitelnosti <\/p>\n","protected":false},"excerpt":{"rendered":"<p>vypracov\u00e1v\u00e1me: \u2013 statick\u00e9 n\u00e1vrhy a posudky stavebn\u00edch konstrukc\u00ed dle normativn\u00edch p\u0159edpis\u016f \u010cSN a EN \u2013 statick\u00e9 v\u00fdpo\u010dty a n\u00e1vrhy nov\u00fdch konstrukc\u00ed betonov\u00fdch, ocelov\u00fdch, d\u0159ev\u011bn\u00fdch z&nbsp;hlediska materi\u00e1lov\u00e9 podstaty\u2013 statick\u00e9, stabilitn\u00ed a dynamick\u00e9 posudky st\u00e1vaj\u00edc\u00edch mostn\u00edch a in\u017een\u00fdrsk\u00fdch konstrukc\u00ed, ale i konstrukc\u00ed pozemn\u00edch staveb \u2013 n\u00e1vrhy a posudky zalo\u017een\u00ed konstrukc\u00ed obecn\u011b a to jak plo\u0161n\u00e9ho tak hlubinn\u00e9ho [&hellip;]<\/p>\n","protected":false},"author":2,"featured_media":0,"parent":0,"menu_order":0,"comment_status":"closed","ping_status":"closed","template":"","meta":{"footnotes":""},"_links":{"self":[{"href":"https:\/\/www.mdsprojekt.cz\/index.php\/wp-json\/wp\/v2\/pages\/1106"}],"collection":[{"href":"https:\/\/www.mdsprojekt.cz\/index.php\/wp-json\/wp\/v2\/pages"}],"about":[{"href":"https:\/\/www.mdsprojekt.cz\/index.php\/wp-json\/wp\/v2\/types\/page"}],"author":[{"embeddable":true,"href":"https:\/\/www.mdsprojekt.cz\/index.php\/wp-json\/wp\/v2\/users\/2"}],"replies":[{"embeddable":true,"href":"https:\/\/www.mdsprojekt.cz\/index.php\/wp-json\/wp\/v2\/comments?post=1106"}],"version-history":[{"count":3,"href":"https:\/\/www.mdsprojekt.cz\/index.php\/wp-json\/wp\/v2\/pages\/1106\/revisions"}],"predecessor-version":[{"id":1109,"href":"https:\/\/www.mdsprojekt.cz\/index.php\/wp-json\/wp\/v2\/pages\/1106\/revisions\/1109"}],"wp:attachment":[{"href":"https:\/\/www.mdsprojekt.cz\/index.php\/wp-json\/wp\/v2\/media?parent=1106"}],"curies":[{"name":"wp","href":"https:\/\/api.w.org\/{rel}","templated":true}]}}