{"id":15,"date":"2019-03-18T16:10:27","date_gmt":"2019-03-18T15:10:27","guid":{"rendered":"http:\/\/mds.janjetmar.cz\/?page_id=15"},"modified":"2022-05-16T12:31:46","modified_gmt":"2022-05-16T10:31:46","slug":"projekty","status":"publish","type":"page","link":"https:\/\/www.mdsprojekt.cz\/index.php\/projekty\/","title":{"rendered":"REFERENCE"},"content":{"rendered":"\n<div id=\"grid-gallery-29-43938\" data-gg-id=\"29\" data-title=\"referen\u010dn\u00ed stavby\" data-grid-type=\"0\" data-offset=\"20.3\" data-area-position=\"center\" data-icons=\"false\" data-preloader=\"true\" data-width=\"250\" data-height=\"250\" data-padding=\"0\" data-quicksand=\"disabled\" data-quicksand-duration=\"none\" data-popup-theme=\"theme_6\" data-popup-type=\"pretty-photo\" data-popup-image-text=\"data-description\" data-popup-widthsize=\"auto\" data-popup-heightsize=\"auto\" data-popup-i18n-words=\"{&quot;close&quot;:&quot;close&quot;,&quot;next&quot;:&quot;next&quot;,&quot;previous&quot;:&quot;previous&quot;,&quot;start_slideshow&quot;:&quot;start slideshow&quot;,&quot;stop_slideshow&quot;:&quot;stop slideshow&quot;,&quot;image&quot;:&quot;image&quot;,&quot;of&quot;:&quot;of&quot;,&quot;prev&quot;:&quot;prev&quot;,&quot;cExpand&quot;:&quot;Expand&quot;,&quot;cPrevious&quot;:&quot;Previous&quot;,&quot;cNext&quot;:&quot;Dal\\u0161\\u00ed&quot;,&quot;cExpandStr&quot;:&quot;Expand the image&quot;,&quot;cRotate&quot;:&quot;Rotate&quot;,&quot;cDetails&quot;:&quot;Details&quot;}\" data-popup-slideshow=\"false\" data-popup-slideshow-speed=\"2500\" data-popup-hoverstop=\"true\" data-popup-slideshow-auto=\"false\" data-popup-background=\"\" data-popup-transparency=\"30\" data-popup-disable-history=\"\" data-popup-disable-changed-url=\"\" data-popup-border-type=\"solid\" data-popup-border-color=\"\" data-popup-border-width=\"\" data-popup-border-enable=\"\" data-fullscreen=\"false\" data-hide-tooltip=\"false\" data-caption-font-family=\"Default\" data-caption-text-size=\"14px\" data-is-mobile=\"0\" data-caption-mobile=\"false\" data-hide-long-tltp-title=\"0\" data-caption-disabled-on-mobile=\"false\" data-lazyload-enable='1' data-lazyload-effect=\"show\" data-lazyload-effect-duration=\"400\" data-thumb-overlay-personal=\"1\" data-popup-placement-type=\"0\" data-social-sharing=\"{&quot;enabled&quot;:&quot;&quot;,&quot;gallerySharing&quot;:{&quot;enabled&quot;:null,&quot;position&quot;:null},&quot;imageSharing&quot;:{&quot;enabled&quot;:null,&quot;wrapperClass&quot;:&quot; vertical &quot;},&quot;popupSharing&quot;:{&quot;enabled&quot;:null,&quot;wrapperClass&quot;:&quot; vertical &quot;}}\" class=\"grid-gallery grid-gallery-fixed \" style=\" width:100%; height:auto; margin-left:auto; margin-right:auto;position:relative;\"> <div class=\"gallery-loading\"> <div class=\"blocks\"> <div class=\"block\"><\/div> <div class=\"block\"><\/div> <div class=\"block\"><\/div> <div class=\"block\"><\/div> <\/div> <\/div> <div class=\"gallery-sharing-top\"><\/div> <div id=\"photos-29\" class=\"grid-gallery-photos\"><a id=\"gg-29-244\" class=\"gg-link \" data-attachment-id=\"1139\" href=\"https:\/\/www.mdsprojekt.cz\/index.php\/projekty\/silnicni-mosty\/\" target=\"_self\" title=\"SILNI\u010cN\u00cd MOSTY\" rel=\"\" data-type=\"link\" style=\"border-radius:0px;\" ><FIGURE class=\"grid-gallery-caption\" data-grid-gallery-type=\"none\" data-index=\"0\" style=\"display:none;border-radius:0px;; margin:20.3px; width:250px;\" ><div class=\"crop\" style=\" width:250px; height:250px; overflow:hidden;\"><img decoding=\"async\" data-gg-real-image-href=\"https:\/\/www.mdsprojekt.cz\/wp-content\/uploads\/2022\/05\/SILNI\u010cN\u00cd-MOSTY-250x250.jpg\" src=\"https:\/\/www.mdsprojekt.cz\/wp-content\/plugins\/gallery-by-supsystic\/src\/GridGallery\/Galleries\/assets\/img\/loading.gif\" class=\"ggImg ggLazyImg\" alt=\"SILNI\u010cN\u00cd MOSTY\" title=\"SILNI\u010cN\u00cd MOSTY\" data-description=\"SILNI\u010cN\u00cd MOSTY\" data-caption=\"SILNI\u010cN\u00cd MOSTY\" data-title=\"SILNI\u010cN\u00cd MOSTY\" style=\" width:250px; height:250px;\" \/><\/div><FIGCAPTION class=\"\" data-alpha=\"5\" style=\"color:#ffffff; background-color:#6f0000; font-size:14px; text-align:left; font-family:Default; opacity:1; bottom:0;\" ><div class=\"grid-gallery-figcaption-wrap\" style=\" vertical-align:top;\"><div class=\"gg-image-caption fitvidsignore\" style=\"font-size:14px;\"><object type=\"none\/none\">SILNI\u010cN\u00cd MOSTY <\/object><\/div><\/div><\/FIGCAPTION><\/FIGURE><\/a><a id=\"gg-29-240\" class=\"gg-link \" data-attachment-id=\"1143\" href=\"https:\/\/www.mdsprojekt.cz\/index.php\/projekty\/zeleznicni-mosty\/\" target=\"_self\" title=\"\u017dELEZNI\u010cN\u00cd MOSTY\" rel=\"\" data-type=\"link\" style=\"border-radius:0px;\" ><FIGURE class=\"grid-gallery-caption\" data-grid-gallery-type=\"none\" data-index=\"1\" style=\"display:none;border-radius:0px;; margin:20.3px; width:250px;\" ><div class=\"crop\" style=\" width:250px; height:250px; overflow:hidden;\"><img decoding=\"async\" data-gg-real-image-href=\"https:\/\/www.mdsprojekt.cz\/wp-content\/uploads\/2022\/05\/\u017dELEZNI\u010cN\u00cd-MOSTY-250x250.jpg\" src=\"https:\/\/www.mdsprojekt.cz\/wp-content\/plugins\/gallery-by-supsystic\/src\/GridGallery\/Galleries\/assets\/img\/loading.gif\" class=\"ggImg ggLazyImg\" alt=\"\u017dELEZNI\u010cN\u00cd MOSTY\" title=\"\u017dELEZNI\u010cN\u00cd MOSTY\" data-description=\"\u017dELEZNI\u010cN\u00cd MOSTY\" data-caption=\"\u017dELEZNI\u010cN\u00cd MOSTY\" data-title=\"\u017dELEZNI\u010cN\u00cd MOSTY\" style=\" width:250px; height:250px;\" \/><\/div><FIGCAPTION class=\"\" data-alpha=\"5\" style=\"color:#ffffff; background-color:#6f0000; font-size:14px; text-align:left; font-family:Default; opacity:1; bottom:0;\" ><div class=\"grid-gallery-figcaption-wrap\" style=\" vertical-align:top;\"><div class=\"gg-image-caption fitvidsignore\" style=\"font-size:14px;\"><object type=\"none\/none\">\u017dELEZNI\u010cN\u00cd MOSTY <\/object><\/div><\/div><\/FIGCAPTION><\/FIGURE><\/a><a id=\"gg-29-247\" class=\"gg-link \" data-attachment-id=\"1135\" href=\"https:\/\/www.mdsprojekt.cz\/index.php\/projekty\/lavky-pro-pesi\/\" target=\"_self\" title=\"L\u00c1VKY PRO P\u011a\u0160\u00cd\" rel=\"\" data-type=\"link\" style=\"border-radius:0px;\" ><FIGURE class=\"grid-gallery-caption\" data-grid-gallery-type=\"none\" data-index=\"2\" style=\"display:none;border-radius:0px;; margin:20.3px; width:250px;\" ><div class=\"crop\" style=\" width:250px; height:250px; overflow:hidden;\"><img decoding=\"async\" data-gg-real-image-href=\"https:\/\/www.mdsprojekt.cz\/wp-content\/uploads\/2022\/05\/L\u00c1VKY-PRO-P\u011a\u0160\u00cd-250x250.jpg\" src=\"https:\/\/www.mdsprojekt.cz\/wp-content\/plugins\/gallery-by-supsystic\/src\/GridGallery\/Galleries\/assets\/img\/loading.gif\" class=\"ggImg ggLazyImg\" alt=\"L\u00c1VKY PRO P\u011a\u0160\u00cd\" title=\"L\u00c1VKY PRO P\u011a\u0160\u00cd\" data-description=\"L\u00c1VKY PRO P\u011a\u0160\u00cd\" data-caption=\"L\u00c1VKY PRO P\u011a\u0160\u00cd\" data-title=\"L\u00c1VKY PRO P\u011a\u0160\u00cd\" style=\" width:250px; height:250px;\" \/><\/div><FIGCAPTION class=\"\" data-alpha=\"5\" style=\"color:#ffffff; background-color:#6f0000; font-size:14px; text-align:left; font-family:Default; opacity:1; bottom:0;\" ><div class=\"grid-gallery-figcaption-wrap\" style=\" vertical-align:top;\"><div class=\"gg-image-caption fitvidsignore\" style=\"font-size:14px;\"><object type=\"none\/none\">L\u00c1VKY PRO P\u011a\u0160\u00cd <\/object><\/div><\/div><\/FIGCAPTION><\/FIGURE><\/a><a id=\"gg-29-245\" class=\"gg-link \" data-attachment-id=\"1138\" href=\"https:\/\/www.mdsprojekt.cz\/index.php\/projekty\/dopravni-stavby-3\/\" target=\"_self\" title=\"POZEMN\u00cd KOMUNIKACE\" rel=\"\" data-type=\"link\" style=\"border-radius:0px;\" ><FIGURE class=\"grid-gallery-caption\" data-grid-gallery-type=\"none\" data-index=\"3\" style=\"display:none;border-radius:0px;; margin:20.3px; width:250px;\" ><div class=\"crop\" style=\" width:250px; height:250px; overflow:hidden;\"><img decoding=\"async\" data-gg-real-image-href=\"https:\/\/www.mdsprojekt.cz\/wp-content\/uploads\/2022\/05\/POZEMN\u00cd-KOMUNIKACE-250x250.jpg\" src=\"https:\/\/www.mdsprojekt.cz\/wp-content\/plugins\/gallery-by-supsystic\/src\/GridGallery\/Galleries\/assets\/img\/loading.gif\" class=\"ggImg ggLazyImg\" alt=\"POZEMN\u00cd KOMUNIKACE\" title=\"POZEMN\u00cd KOMUNIKACE\" data-description=\"POZEMN\u00cd KOMUNIKACE\" data-caption=\"POZEMN\u00cd KOMUNIKACE\" data-title=\"POZEMN\u00cd KOMUNIKACE\" style=\" width:250px; height:250px;\" \/><\/div><FIGCAPTION class=\"\" data-alpha=\"5\" style=\"color:#ffffff; background-color:#6f0000; font-size:14px; text-align:left; font-family:Default; opacity:1; bottom:0;\" ><div class=\"grid-gallery-figcaption-wrap\" style=\" vertical-align:top;\"><div class=\"gg-image-caption fitvidsignore\" style=\"font-size:14px;\"><object type=\"none\/none\">POZEMN\u00cd KOMUNIKACE <\/object><\/div><\/div><\/FIGCAPTION><\/FIGURE><\/a><a id=\"gg-29-243\" class=\"gg-link \" data-attachment-id=\"1140\" href=\"https:\/\/www.mdsprojekt.cz\/index.php\/projekty\/studie-2\/\" target=\"_self\" title=\"STUDIE\" rel=\"\" data-type=\"link\" style=\"border-radius:0px;\" ><FIGURE class=\"grid-gallery-caption\" data-grid-gallery-type=\"none\" data-index=\"4\" style=\"display:none;border-radius:0px;; margin:20.3px; width:250px;\" ><div class=\"crop\" style=\" width:250px; height:250px; overflow:hidden;\"><img decoding=\"async\" data-gg-real-image-href=\"https:\/\/www.mdsprojekt.cz\/wp-content\/uploads\/2022\/05\/STUDIE-250x250.jpg\" src=\"https:\/\/www.mdsprojekt.cz\/wp-content\/plugins\/gallery-by-supsystic\/src\/GridGallery\/Galleries\/assets\/img\/loading.gif\" class=\"ggImg ggLazyImg\" alt=\"STUDIE\" title=\"STUDIE\" data-description=\"STUDIE\" data-caption=\"STUDIE\" data-title=\"STUDIE\" style=\" width:250px; height:250px;\" \/><\/div><FIGCAPTION class=\"\" data-alpha=\"5\" style=\"color:#ffffff; background-color:#6f0000; font-size:14px; text-align:left; font-family:Default; opacity:1; bottom:0;\" ><div class=\"grid-gallery-figcaption-wrap\" style=\" vertical-align:top;\"><div class=\"gg-image-caption fitvidsignore\" style=\"font-size:14px;\"><object type=\"none\/none\">STUDIE <\/object><\/div><\/div><\/FIGCAPTION><\/FIGURE><\/a><a id=\"gg-29-248\" class=\"gg-link \" data-attachment-id=\"1136\" href=\"https:\/\/www.mdsprojekt.cz\/index.php\/projekty\/operne-zdi-2\/\" target=\"_self\" title=\"MOSTN\u00cd PROVIZORIA\" rel=\"\" data-type=\"link\" style=\"border-radius:0px;\" ><FIGURE class=\"grid-gallery-caption\" data-grid-gallery-type=\"none\" data-index=\"5\" style=\"display:none;border-radius:0px;; margin:20.3px; width:250px;\" ><div class=\"crop\" style=\" width:250px; height:250px; overflow:hidden;\"><img decoding=\"async\" data-gg-real-image-href=\"https:\/\/www.mdsprojekt.cz\/wp-content\/uploads\/2022\/05\/MOSTN\u00cd-PROVIZORIA-250x250.jpg\" src=\"https:\/\/www.mdsprojekt.cz\/wp-content\/plugins\/gallery-by-supsystic\/src\/GridGallery\/Galleries\/assets\/img\/loading.gif\" class=\"ggImg ggLazyImg\" alt=\"MOSTN\u00cd PROVIZORIA\" title=\"MOSTN\u00cd PROVIZORIA\" data-description=\"MOSTN\u00cd PROVIZORIA\" data-caption=\"MOSTN\u00cd PROVIZORIA\" data-title=\"MOSTN\u00cd PROVIZORIA\" style=\" width:250px; height:250px;\" \/><\/div><FIGCAPTION class=\"\" data-alpha=\"5\" style=\"color:#ffffff; background-color:#6f0000; font-size:14px; text-align:left; font-family:Default; opacity:1; bottom:0;\" ><div class=\"grid-gallery-figcaption-wrap\" style=\" vertical-align:top;\"><div class=\"gg-image-caption fitvidsignore\" style=\"font-size:14px;\"><object type=\"none\/none\">MOSTN\u00cd PROVIZORIA <\/object><\/div><\/div><\/FIGCAPTION><\/FIGURE><\/a><a id=\"gg-29-242\" class=\"gg-link \" data-attachment-id=\"1141\" href=\"https:\/\/www.mdsprojekt.cz\/index.php\/projekty\/technologie-2\/\" target=\"_self\" title=\"TECHNOLOGIE\" rel=\"\" data-type=\"link\" style=\"border-radius:0px;\" ><FIGURE class=\"grid-gallery-caption\" data-grid-gallery-type=\"none\" data-index=\"6\" style=\"display:none;border-radius:0px;; margin:20.3px; width:250px;\" ><div class=\"crop\" style=\" width:250px; height:250px; overflow:hidden;\"><img decoding=\"async\" data-gg-real-image-href=\"https:\/\/www.mdsprojekt.cz\/wp-content\/uploads\/2022\/05\/TECHNOLOGIE-250x250.jpg\" src=\"https:\/\/www.mdsprojekt.cz\/wp-content\/plugins\/gallery-by-supsystic\/src\/GridGallery\/Galleries\/assets\/img\/loading.gif\" class=\"ggImg ggLazyImg\" alt=\"TECHNOLOGIE\" title=\"TECHNOLOGIE\" data-description=\"TECHNOLOGIE\" data-caption=\"TECHNOLOGIE\" data-title=\"TECHNOLOGIE\" style=\" width:250px; height:250px;\" \/><\/div><FIGCAPTION class=\"\" data-alpha=\"5\" style=\"color:#ffffff; background-color:#6f0000; font-size:14px; text-align:left; font-family:Default; opacity:1; bottom:0;\" ><div class=\"grid-gallery-figcaption-wrap\" style=\" vertical-align:top;\"><div class=\"gg-image-caption fitvidsignore\" style=\"font-size:14px;\"><object type=\"none\/none\">TECHNOLOGIE <\/object><\/div><\/div><\/FIGCAPTION><\/FIGURE><\/a><a id=\"gg-29-249\" class=\"gg-link \" data-attachment-id=\"1134\" href=\"https:\/\/www.mdsprojekt.cz\/index.php\/projekty\/konstrukce-vodnich-del\/\" target=\"_self\" title=\"KONSTRUKCE VODN\u00cdCH D\u011aL\" rel=\"\" data-type=\"link\" style=\"border-radius:0px;\" ><FIGURE class=\"grid-gallery-caption\" data-grid-gallery-type=\"none\" data-index=\"7\" style=\"display:none;border-radius:0px;; margin:20.3px; width:250px;\" ><div class=\"crop\" style=\" width:250px; height:250px; overflow:hidden;\"><img decoding=\"async\" data-gg-real-image-href=\"https:\/\/www.mdsprojekt.cz\/wp-content\/uploads\/2022\/05\/KONSTRUKCE-VODN\u00cdCH-D\u011aL-250x250.jpg\" src=\"https:\/\/www.mdsprojekt.cz\/wp-content\/plugins\/gallery-by-supsystic\/src\/GridGallery\/Galleries\/assets\/img\/loading.gif\" class=\"ggImg ggLazyImg\" alt=\"KONSTRUKCE VODN\u00cdCH D\u011aL\" title=\"KONSTRUKCE VODN\u00cdCH D\u011aL\" data-description=\"KONSTRUKCE VODN\u00cdCH D\u011aL\" data-caption=\"KONSTRUKCE VODN\u00cdCH D\u011aL\" data-title=\"KONSTRUKCE VODN\u00cdCH D\u011aL\" style=\" width:250px; height:250px;\" \/><\/div><FIGCAPTION class=\"\" data-alpha=\"5\" style=\"color:#ffffff; background-color:#6f0000; font-size:14px; text-align:left; font-family:Default; opacity:1; bottom:0;\" ><div class=\"grid-gallery-figcaption-wrap\" style=\" vertical-align:top;\"><div class=\"gg-image-caption fitvidsignore\" style=\"font-size:14px;\"><object type=\"none\/none\">KONSTRUKCE VODN\u00cdCH D\u011aL <\/object><\/div><\/div><\/FIGCAPTION><\/FIGURE><\/a><a id=\"gg-29-251\" class=\"gg-link \" data-attachment-id=\"1132\" href=\"https:\/\/www.mdsprojekt.cz\/index.php\/projekty\/inzenyrske-konstrukce\/\" target=\"_self\" title=\"IN\u017dEN\u00ddRSK\u00c9 KONSTRUKCE\" rel=\"\" data-type=\"link\" style=\"border-radius:0px;\" ><FIGURE class=\"grid-gallery-caption\" data-grid-gallery-type=\"none\" data-index=\"8\" style=\"display:none;border-radius:0px;; margin:20.3px; width:250px;\" ><div class=\"crop\" style=\" width:250px; height:250px; overflow:hidden;\"><img decoding=\"async\" data-gg-real-image-href=\"https:\/\/www.mdsprojekt.cz\/wp-content\/uploads\/2022\/05\/IN\u017dEN\u00ddRSK\u00c9-KONSTRUKCE-250x250.jpg\" src=\"https:\/\/www.mdsprojekt.cz\/wp-content\/plugins\/gallery-by-supsystic\/src\/GridGallery\/Galleries\/assets\/img\/loading.gif\" class=\"ggImg ggLazyImg\" alt=\"IN\u017dEN\u00ddRSK\u00c9 KONSTRUKCE\" title=\"IN\u017dEN\u00ddRSK\u00c9 KONSTRUKCE\" data-description=\"IN\u017dEN\u00ddRSK\u00c9 KONSTRUKCE\" data-caption=\"IN\u017dEN\u00ddRSK\u00c9 KONSTRUKCE\" data-title=\"IN\u017dEN\u00ddRSK\u00c9 KONSTRUKCE\" style=\" width:250px; height:250px;\" \/><\/div><FIGCAPTION class=\"\" data-alpha=\"5\" style=\"color:#ffffff; background-color:#6f0000; font-size:14px; text-align:left; font-family:Default; opacity:1; bottom:0;\" ><div class=\"grid-gallery-figcaption-wrap\" style=\" vertical-align:top;\"><div class=\"gg-image-caption fitvidsignore\" style=\"font-size:14px;\"><object type=\"none\/none\">IN\u017dEN\u00ddRSK\u00c9 KONSTRUKCE <\/object><\/div><\/div><\/FIGCAPTION><\/FIGURE><\/a><a id=\"gg-29-250\" class=\"gg-link \" data-attachment-id=\"1133\" href=\"https:\/\/www.mdsprojekt.cz\/index.php\/projekty\/pozemni-stavby-2\/\" target=\"_self\" title=\"KONSTRUKCE POZEMN\u00cdCH STAVEB\" rel=\"\" data-type=\"link\" style=\"border-radius:0px;\" ><FIGURE class=\"grid-gallery-caption\" data-grid-gallery-type=\"none\" data-index=\"9\" style=\"display:none;border-radius:0px;; margin:20.3px; width:250px;\" ><div class=\"crop\" style=\" width:250px; height:250px; overflow:hidden;\"><img decoding=\"async\" data-gg-real-image-href=\"https:\/\/www.mdsprojekt.cz\/wp-content\/uploads\/2022\/05\/KONSTRUKCE-POZEMN\u00cdCH-STAVEB-250x250.jpg\" src=\"https:\/\/www.mdsprojekt.cz\/wp-content\/plugins\/gallery-by-supsystic\/src\/GridGallery\/Galleries\/assets\/img\/loading.gif\" class=\"ggImg ggLazyImg\" alt=\"KONSTRUKCE POZEMN\u00cdCH STAVEB\" title=\"KONSTRUKCE POZEMN\u00cdCH STAVEB\" data-description=\"KONSTRUKCE POZEMN\u00cdCH STAVEB\" data-caption=\"KONSTRUKCE POZEMN\u00cdCH STAVEB\" data-title=\"KONSTRUKCE POZEMN\u00cdCH STAVEB\" style=\" width:250px; height:250px;\" \/><\/div><FIGCAPTION class=\"\" data-alpha=\"5\" style=\"color:#ffffff; background-color:#6f0000; font-size:14px; text-align:left; font-family:Default; opacity:1; bottom:0;\" ><div class=\"grid-gallery-figcaption-wrap\" style=\" vertical-align:top;\"><div class=\"gg-image-caption fitvidsignore\" style=\"font-size:14px;\"><object type=\"none\/none\">KONSTRUKCE POZEMN\u00cdCH STAVEB <\/object><\/div><\/div><\/FIGCAPTION><\/FIGURE><\/a><a id=\"gg-29-241\" class=\"gg-link \" data-attachment-id=\"1142\" href=\"https:\/\/www.mdsprojekt.cz\/index.php\/projekty\/propustky\/\" target=\"_self\" title=\"ZAT\u00cd\u017dITELNOST, STATIKA, DIAGNOSTIKA\" rel=\"\" data-type=\"link\" style=\"border-radius:0px;\" ><FIGURE class=\"grid-gallery-caption\" data-grid-gallery-type=\"none\" data-index=\"10\" style=\"display:none;border-radius:0px;; margin:20.3px; width:250px;\" ><div class=\"crop\" style=\" width:250px; height:250px; overflow:hidden;\"><img decoding=\"async\" data-gg-real-image-href=\"https:\/\/www.mdsprojekt.cz\/wp-content\/uploads\/2022\/05\/ZAT\u00cd\u017dITELNOST-STATIKA-DIAGNOSTIKA-250x250.jpg\" src=\"https:\/\/www.mdsprojekt.cz\/wp-content\/plugins\/gallery-by-supsystic\/src\/GridGallery\/Galleries\/assets\/img\/loading.gif\" class=\"ggImg ggLazyImg\" alt=\"ZAT\u00cd\u017dITELNOST, STATIKA, DIAGNOSTIKA\" title=\"ZAT\u00cd\u017dITELNOST, STATIKA, DIAGNOSTIKA\" data-description=\"ZAT\u00cd\u017dITELNOST, STATIKA, DIAGNOSTIKA\" data-caption=\"ZAT\u00cd\u017dITELNOST, STATIKA, DIAGNOSTIKA\" data-title=\"ZAT\u00cd\u017dITELNOST, STATIKA, DIAGNOSTIKA\" style=\" width:250px; height:250px;\" \/><\/div><FIGCAPTION class=\"\" data-alpha=\"5\" style=\"color:#ffffff; background-color:#6f0000; font-size:14px; text-align:left; font-family:Default; opacity:1; bottom:0;\" ><div class=\"grid-gallery-figcaption-wrap\" style=\" vertical-align:top;\"><div class=\"gg-image-caption fitvidsignore\" style=\"font-size:14px;\"><object type=\"none\/none\">ZAT\u00cd\u017dITELNOST, STATIKA, DIAGNOSTIKA <\/object><\/div><\/div><\/FIGCAPTION><\/FIGURE><\/a><a id=\"gg-29-246\" class=\"gg-link \" data-attachment-id=\"1137\" href=\"https:\/\/www.mdsprojekt.cz\/index.php\/projekty\/ostatni-konstrukce\/\" target=\"_self\" title=\"OSTATN\u00cd KONSTRUKCE\" rel=\"\" data-type=\"link\" style=\"border-radius:0px;\" ><FIGURE class=\"grid-gallery-caption\" data-grid-gallery-type=\"none\" data-index=\"11\" style=\"display:none;border-radius:0px;; margin:20.3px; width:250px;\" ><div class=\"crop\" style=\" width:250px; height:250px; overflow:hidden;\"><img decoding=\"async\" data-gg-real-image-href=\"https:\/\/www.mdsprojekt.cz\/wp-content\/uploads\/2022\/05\/OSTATN\u00cd-KONSTRUKCE-250x250.jpg\" src=\"https:\/\/www.mdsprojekt.cz\/wp-content\/plugins\/gallery-by-supsystic\/src\/GridGallery\/Galleries\/assets\/img\/loading.gif\" class=\"ggImg ggLazyImg\" alt=\"OSTATN\u00cd KONSTRUKCE\" title=\"OSTATN\u00cd KONSTRUKCE\" data-description=\"OSTATN\u00cd KONSTRUKCE\" data-caption=\"OSTATN\u00cd KONSTRUKCE\" data-title=\"OSTATN\u00cd KONSTRUKCE\" style=\" width:250px; height:250px;\" \/><\/div><FIGCAPTION class=\"\" data-alpha=\"5\" style=\"color:#ffffff; background-color:#6f0000; font-size:14px; text-align:left; font-family:Default; opacity:1; bottom:0;\" ><div class=\"grid-gallery-figcaption-wrap\" style=\" vertical-align:top;\"><div class=\"gg-image-caption fitvidsignore\" style=\"font-size:14px;\"><object type=\"none\/none\">OSTATN\u00cd KONSTRUKCE <\/object><\/div><\/div><\/FIGCAPTION><\/FIGURE><\/a> <div class=\"grid-gallery-clearfix\"><\/div> <\/div> <div class=\"gallery-sharing-bottom\"><\/div> <div class=\"grid-gallery-clearfix\"><\/div> <\/div> <!-- Gallery by Supsystic plugin1.15.4 -->\n","protected":false},"excerpt":{"rendered":"","protected":false},"author":2,"featured_media":0,"parent":0,"menu_order":0,"comment_status":"closed","ping_status":"closed","template":"","meta":{"footnotes":""},"_links":{"self":[{"href":"https:\/\/www.mdsprojekt.cz\/index.php\/wp-json\/wp\/v2\/pages\/15"}],"collection":[{"href":"https:\/\/www.mdsprojekt.cz\/index.php\/wp-json\/wp\/v2\/pages"}],"about":[{"href":"https:\/\/www.mdsprojekt.cz\/index.php\/wp-json\/wp\/v2\/types\/page"}],"author":[{"embeddable":true,"href":"https:\/\/www.mdsprojekt.cz\/index.php\/wp-json\/wp\/v2\/users\/2"}],"replies":[{"embeddable":true,"href":"https:\/\/www.mdsprojekt.cz\/index.php\/wp-json\/wp\/v2\/comments?post=15"}],"version-history":[{"count":29,"href":"https:\/\/www.mdsprojekt.cz\/index.php\/wp-json\/wp\/v2\/pages\/15\/revisions"}],"predecessor-version":[{"id":1148,"href":"https:\/\/www.mdsprojekt.cz\/index.php\/wp-json\/wp\/v2\/pages\/15\/revisions\/1148"}],"wp:attachment":[{"href":"https:\/\/www.mdsprojekt.cz\/index.php\/wp-json\/wp\/v2\/media?parent=15"}],"curies":[{"name":"wp","href":"https:\/\/api.w.org\/{rel}","templated":true}]}}