{"id":635,"date":"2019-11-21T12:25:25","date_gmt":"2019-11-21T11:25:25","guid":{"rendered":"http:\/\/mds.janjetmar.cz\/?page_id=635"},"modified":"2019-12-11T07:52:29","modified_gmt":"2019-12-11T06:52:29","slug":"ostatni-konstrukce","status":"publish","type":"page","link":"https:\/\/www.mdsprojekt.cz\/index.php\/projekty\/ostatni-konstrukce\/","title":{"rendered":"OSTATN\u00cd KONSTRUKCE"},"content":{"rendered":"<div id=\"grid-gallery-21-34087\" data-gg-id=\"21\" data-title=\"ostatn\u00ed konstrukce\" data-grid-type=\"0\" data-offset=\"20.3\" data-area-position=\"center\" data-icons=\"false\" data-preloader=\"true\" data-width=\"200\" data-height=\"200\" data-padding=\"0\" data-quicksand=\"disabled\" data-quicksand-duration=\"none\" data-popup-theme=\"theme_6\" data-popup-type=\"pretty-photo\" data-popup-image-text=\"data-description\" data-popup-widthsize=\"auto\" data-popup-heightsize=\"auto\" data-popup-i18n-words=\"{&quot;close&quot;:&quot;close&quot;,&quot;next&quot;:&quot;next&quot;,&quot;previous&quot;:&quot;previous&quot;,&quot;start_slideshow&quot;:&quot;start slideshow&quot;,&quot;stop_slideshow&quot;:&quot;stop slideshow&quot;,&quot;image&quot;:&quot;image&quot;,&quot;of&quot;:&quot;of&quot;,&quot;prev&quot;:&quot;prev&quot;,&quot;cExpand&quot;:&quot;Expand&quot;,&quot;cPrevious&quot;:&quot;Previous&quot;,&quot;cNext&quot;:&quot;Dal\\u0161\\u00ed&quot;,&quot;cExpandStr&quot;:&quot;Expand the image&quot;,&quot;cRotate&quot;:&quot;Rotate&quot;,&quot;cDetails&quot;:&quot;Details&quot;}\" data-popup-slideshow=\"false\" data-popup-slideshow-speed=\"2500\" data-popup-hoverstop=\"true\" data-popup-slideshow-auto=\"false\" data-popup-background=\"\" data-popup-transparency=\"30\" data-popup-disable-history=\"\" data-popup-disable-changed-url=\"\" data-popup-border-type=\"solid\" data-popup-border-color=\"\" data-popup-border-width=\"100\" data-popup-border-enable=\"\" data-fullscreen=\"false\" data-hide-tooltip=\"false\" data-caption-font-family=\"Verdana\" data-caption-text-size=\"12px\" data-is-mobile=\"0\" data-caption-mobile=\"false\" data-hide-long-tltp-title=\"0\" data-caption-disabled-on-mobile=\"false\" data-lazyload-enable='1' data-lazyload-effect=\"show\" data-lazyload-effect-duration=\"400\" data-popup-placement-type=\"0\" data-social-sharing=\"{&quot;enabled&quot;:&quot;&quot;,&quot;gallerySharing&quot;:{&quot;enabled&quot;:null,&quot;position&quot;:null},&quot;imageSharing&quot;:{&quot;enabled&quot;:null,&quot;wrapperClass&quot;:&quot; vertical &quot;},&quot;popupSharing&quot;:{&quot;enabled&quot;:null,&quot;wrapperClass&quot;:&quot; vertical &quot;}}\" class=\"grid-gallery grid-gallery-fixed \" style=\" width:100%; height:auto; margin-left:auto; margin-right:auto;position:relative;\"> <div class=\"gallery-loading\"> <div class=\"blocks\"> <div class=\"block\"><\/div> <div class=\"block\"><\/div> <div class=\"block\"><\/div> <div class=\"block\"><\/div> <\/div> <\/div> <div class=\"gallery-sharing-top\"><\/div> <div id=\"photos-21\" class=\"grid-gallery-photos\"><a id=\"gg-21-178\" class=\"gg-link \" data-attachment-id=\"729\" href=\"https:\/\/www.mdsprojekt.cz\/wp-content\/uploads\/2019\/11\/sestava-kluzn\u00e9ho-bloku-I35-Olomouc-oprava-mostu-35-146.jpg?gid=21\" target=\"_self\" data-rel=\"prettyPhoto[pp_gal]\" style=\"border-radius:0px;\" ><FIGURE class=\"grid-gallery-caption\" data-grid-gallery-type=\"revolving-door-left\" data-index=\"0\" style=\"display:none;border-radius:0px;; margin:20.3px; width:200px;\" ><div class=\"crop\" style=\" width:200px; height:200px; overflow:hidden;\"><img decoding=\"async\" data-gg-real-image-href=\"https:\/\/www.mdsprojekt.cz\/wp-content\/uploads\/2019\/11\/sestava-kluzn\u00e9ho-bloku-I35-Olomouc-oprava-mostu-35-146-200x200.jpg\" src=\"https:\/\/www.mdsprojekt.cz\/wp-content\/plugins\/gallery-by-supsystic\/src\/GridGallery\/Galleries\/assets\/img\/loading.gif\" class=\"ggImg ggLazyImg\" alt=\"sestava kluzn\u00e9ho bloku - I35 Olomouc - oprava mostu 35-146\" data-description=\"sestava kluzn\u00e9ho bloku - I35 Olomouc - oprava mostu 35-146\" data-caption=\"sestava kluzn\u00e9ho bloku I\/35 Olomouc - oprava mostu ev.\u010d. 35-146\" data-title=\"sestava kluzn\u00e9ho bloku - I35 Olomouc - oprava mostu 35-146\" style=\" width:200px; height:200px;\" \/><\/div><FIGCAPTION class=\"\" data-alpha=\"5\" style=\"color:#ffffff; background-color:#6f0000; font-size:12px; text-align:left; font-family:Verdana;\" ><div class=\"grid-gallery-figcaption-wrap\" style=\" vertical-align:top;\"><div class=\"gg-image-caption fitvidsignore\" style=\"font-size:12px;\"><object type=\"none\/none\">sestava kluzn\u00e9ho bloku I\/35 Olomouc - oprava mostu ev.\u010d. 35-146 <\/object><\/div><\/div><\/FIGCAPTION><\/FIGURE><\/a><a id=\"gg-21-179\" class=\"gg-link \" data-attachment-id=\"730\" href=\"https:\/\/www.mdsprojekt.cz\/wp-content\/uploads\/2019\/11\/studie-ocelobetonov\u00fdch-sp\u0159a\u017een\u00fdch-nosn\u00edk\u016f-pro-v\u00fdrobu.jpg?gid=21\" target=\"_self\" data-rel=\"prettyPhoto[pp_gal]\" style=\"border-radius:0px;\" ><FIGURE class=\"grid-gallery-caption\" data-grid-gallery-type=\"revolving-door-left\" data-index=\"1\" style=\"display:none;border-radius:0px;; margin:20.3px; width:200px;\" ><div class=\"crop\" style=\" width:200px; height:200px; overflow:hidden;\"><img decoding=\"async\" data-gg-real-image-href=\"https:\/\/www.mdsprojekt.cz\/wp-content\/uploads\/2019\/11\/studie-ocelobetonov\u00fdch-sp\u0159a\u017een\u00fdch-nosn\u00edk\u016f-pro-v\u00fdrobu-200x200.jpg\" src=\"https:\/\/www.mdsprojekt.cz\/wp-content\/plugins\/gallery-by-supsystic\/src\/GridGallery\/Galleries\/assets\/img\/loading.gif\" class=\"ggImg ggLazyImg\" alt=\"studie ocelobetonov\u00fdch sp\u0159a\u017een\u00fdch nosn\u00edk\u016f pro v\u00fdrobu\" data-description=\"studie ocelobetonov\u00fdch sp\u0159a\u017een\u00fdch nosn\u00edk\u016f pro v\u00fdrobu\" data-caption=\"studie ocelobetonov\u00fdch sp\u0159a\u017een\u00fdch nosn\u00edk\u016f pro v\u00fdrobu\" data-title=\"studie ocelobetonov\u00fdch sp\u0159a\u017een\u00fdch nosn\u00edk\u016f pro v\u00fdrobu\" style=\" width:200px; height:200px;\" \/><\/div><FIGCAPTION class=\"\" data-alpha=\"5\" style=\"color:#ffffff; background-color:#6f0000; font-size:12px; text-align:left; font-family:Verdana;\" ><div class=\"grid-gallery-figcaption-wrap\" style=\" vertical-align:top;\"><div class=\"gg-image-caption fitvidsignore\" style=\"font-size:12px;\"><object type=\"none\/none\">studie ocelobetonov\u00fdch sp\u0159a\u017een\u00fdch nosn\u00edk\u016f pro v\u00fdrobu <\/object><\/div><\/div><\/FIGCAPTION><\/FIGURE><\/a><a id=\"gg-21-180\" class=\"gg-link \" data-attachment-id=\"731\" href=\"https:\/\/www.mdsprojekt.cz\/wp-content\/uploads\/2019\/11\/Studie-prefabrikovan\u00fdch-d\u00edlc\u016f.jpg?gid=21\" target=\"_self\" data-rel=\"prettyPhoto[pp_gal]\" style=\"border-radius:0px;\" ><FIGURE class=\"grid-gallery-caption\" data-grid-gallery-type=\"revolving-door-left\" data-index=\"2\" style=\"display:none;border-radius:0px;; margin:20.3px; width:200px;\" ><div class=\"crop\" style=\" width:200px; height:200px; overflow:hidden;\"><img decoding=\"async\" data-gg-real-image-href=\"https:\/\/www.mdsprojekt.cz\/wp-content\/uploads\/2019\/11\/Studie-prefabrikovan\u00fdch-d\u00edlc\u016f-200x200.jpg\" src=\"https:\/\/www.mdsprojekt.cz\/wp-content\/plugins\/gallery-by-supsystic\/src\/GridGallery\/Galleries\/assets\/img\/loading.gif\" class=\"ggImg ggLazyImg\" alt=\"Studie prefabrikovan\u00fdch d\u00edlc\u016f\" data-description=\"Studie prefabrikovan\u00fdch d\u00edlc\u016f\" data-caption=\"studie prefabrikovan\u00fdch d\u00edlc\u016f\" data-title=\"Studie prefabrikovan\u00fdch d\u00edlc\u016f\" style=\" width:200px; height:200px;\" \/><\/div><FIGCAPTION class=\"\" data-alpha=\"5\" style=\"color:#ffffff; background-color:#6f0000; font-size:12px; text-align:left; font-family:Verdana;\" ><div class=\"grid-gallery-figcaption-wrap\" style=\" vertical-align:top;\"><div class=\"gg-image-caption fitvidsignore\" style=\"font-size:12px;\"><object type=\"none\/none\">studie prefabrikovan\u00fdch d\u00edlc\u016f <\/object><\/div><\/div><\/FIGCAPTION><\/FIGURE><\/a> <div class=\"grid-gallery-clearfix\"><\/div> <\/div> <div class=\"gallery-sharing-bottom\"><\/div> <div class=\"grid-gallery-clearfix\"><\/div> <\/div> <!-- Gallery by Supsystic plugin1.15.4 -->\n","protected":false},"excerpt":{"rendered":"","protected":false},"author":2,"featured_media":0,"parent":15,"menu_order":0,"comment_status":"closed","ping_status":"closed","template":"","meta":{"footnotes":""},"_links":{"self":[{"href":"https:\/\/www.mdsprojekt.cz\/index.php\/wp-json\/wp\/v2\/pages\/635"}],"collection":[{"href":"https:\/\/www.mdsprojekt.cz\/index.php\/wp-json\/wp\/v2\/pages"}],"about":[{"href":"https:\/\/www.mdsprojekt.cz\/index.php\/wp-json\/wp\/v2\/types\/page"}],"author":[{"embeddable":true,"href":"https:\/\/www.mdsprojekt.cz\/index.php\/wp-json\/wp\/v2\/users\/2"}],"replies":[{"embeddable":true,"href":"https:\/\/www.mdsprojekt.cz\/index.php\/wp-json\/wp\/v2\/comments?post=635"}],"version-history":[{"count":2,"href":"https:\/\/www.mdsprojekt.cz\/index.php\/wp-json\/wp\/v2\/pages\/635\/revisions"}],"predecessor-version":[{"id":732,"href":"https:\/\/www.mdsprojekt.cz\/index.php\/wp-json\/wp\/v2\/pages\/635\/revisions\/732"}],"up":[{"embeddable":true,"href":"https:\/\/www.mdsprojekt.cz\/index.php\/wp-json\/wp\/v2\/pages\/15"}],"wp:attachment":[{"href":"https:\/\/www.mdsprojekt.cz\/index.php\/wp-json\/wp\/v2\/media?parent=635"}],"curies":[{"name":"wp","href":"https:\/\/api.w.org\/{rel}","templated":true}]}}